{"id":1147,"date":"2025-05-01T16:21:35","date_gmt":"2025-05-01T16:21:35","guid":{"rendered":"https:\/\/floragardenhotels.com\/beach\/?page_id=1147"},"modified":"2025-05-05T11:04:58","modified_gmt":"2025-05-05T11:04:58","slug":"gizlilik-politikasi","status":"publish","type":"page","link":"https:\/\/floragardenhotels.com\/beach\/tr\/gizlilik-politikasi\/","title":{"rendered":"Gizlilik Politikas\u0131"},"content":{"rendered":"\n<p>Bu \u0130nternet sitesini kullanarak ki\u015fisel verilerinizin i\u015flenmesini kabul etmi\u015f olursunuz. G\u00fcvenli\u011finiz bizim i\u00e7in \u00f6nemli. Bu sebeple, bizimle payla\u015faca\u011f\u0131n\u0131z ki\u015fisel verileriniz hassasiyetle korunmaktad\u0131r.<\/p>\n\n\n\n<p>Veri Sorumlusu<\/p>\n\n\n\n<p>Biz, Flore Garden Beach Hotel, veri sorumlusu olarak, bu gizlilik ve ki\u015fisel verilerin korunmas\u0131 politikas\u0131 ile ziyaret etmekte oldu\u011funuz \u0130nternet sitesi kapsam\u0131nda hangi ki\u015fisel verilerinizin hangi ama\u00e7larla i\u015flenece\u011fi, i\u015flenen verilerin kimlerle ve hangi sebeplerle payla\u015f\u0131labilece\u011fi, veri i\u015fleme y\u00f6ntemimiz ve hukuki sebepleri ile; i\u015flenen verilerinize ili\u015fkin haklar\u0131n\u0131z\u0131n neler oldu\u011fu hususunda siz kullan\u0131c\u0131lar\u0131m\u0131z\u0131 ayd\u0131nlatmay\u0131 ama\u00e7l\u0131yoruz.<\/p>\n\n\n\n<p>Toplanan Ki\u015fisel Veriler<\/p>\n\n\n\n<p>Bu \u0130nternet sitesi taraf\u0131ndan toplanan ki\u015fisel verileriniz:<\/p>\n\n\n\n<p>Cihaz bilgileri<br>E-posta adresi<br>IP adresi<br>Kullan\u0131m verileri<br>Kullan\u0131lan Servisler<br>Analitik ve izleme<br>Google Analytics: Google Analytics, ziyaret\u00e7i davran\u0131\u015flar\u0131n\u0131 ve site kullan\u0131m\u0131n\u0131 analiz etmek i\u00e7in kullan\u0131lmaktad\u0131r. Bu hizmet, ziyaret\u00e7i trafi\u011fi, etkile\u015fimler ve kullan\u0131c\u0131 davran\u0131\u015flar\u0131 hakk\u0131nda detayl\u0131 raporlar sa\u011flar.<br>Reklam hizmetleri<br>Facebook Pixel: Facebook Pixel, reklam d\u00f6n\u00fc\u015f\u00fcmlerini takip ederek hedef kitleyi optimize eder ve reklam performans\u0131n\u0131 \u00f6l\u00e7er.<br>Verilerin \u0130\u015flenme Ama\u00e7lar\u0131<\/p>\n\n\n\n<p>Ki\u015fisel verileriniz, bu \u0130nternet sitesi taraf\u0131ndan amac\u0131na uygun hizmet sunulabilmesi, yasal y\u00fck\u00fcml\u00fcl\u00fcklerin yerine getirilmesi, hizmet kalitesinin art\u0131r\u0131lmas\u0131, ileti\u015fim, g\u00fcvenlik ve gerekti\u011finde yasal merciler ile bilgi payla\u015f\u0131labilmesi ama\u00e7lar\u0131 ile i\u015flenmektedir. Ki\u015fisel verileriniz, bu say\u0131lan ama\u00e7lar d\u0131\u015f\u0131nda kullan\u0131lmayacakt\u0131r.<\/p>\n\n\n\n<p>Verilerin Aktar\u0131lmas\u0131<\/p>\n\n\n\n<p>Bu \u0130nternet sitesi taraf\u0131ndan toplanan ki\u015fisel verileriniz, yasal zorunluluklar haricinde, a\u00e7\u0131k r\u0131zan\u0131z olmadan \u00fc\u00e7\u00fcnc\u00fc ki\u015filer ile payla\u015f\u0131lmaz. Ancak hizmet sa\u011flay\u0131c\u0131lar\u0131m\u0131z, i\u015f ortaklar\u0131m\u0131z ve yasal merciler ile, hizmetin sa\u011flanmas\u0131 ve yasal y\u00fck\u00fcml\u00fcl\u00fcklerin yerine getirilmesi ama\u00e7lar\u0131yla gerekli oldu\u011fu \u00f6l\u00e7\u00fcde payla\u015f\u0131labilir.<\/p>\n\n\n\n<p>\u00c7erez Kullan\u0131m\u0131<\/p>\n\n\n\n<p>Bu \u0130nternet sitesi \u00e7erez kullanmaktad\u0131r. \u00c7erezler, bir \u0130nternet sayfas\u0131 ziyaret edildi\u011finde kullan\u0131c\u0131lara ili\u015fkin birtak\u0131m bilgilerin kullan\u0131c\u0131lar\u0131n terminal cihazlar\u0131nda depolanmas\u0131na izin veren d\u00fc\u015f\u00fck boyutlu zengin metin bi\u00e7imli text formatlar\u0131d\u0131r. \u00c7erezler, bir \u0130nternet sitesini ilk ziyaretiniz s\u0131ras\u0131nda taray\u0131c\u0131n\u0131z arac\u0131l\u0131\u011f\u0131yla cihaz\u0131n\u0131za depolanabilir ve ayn\u0131 siteyi ayn\u0131 cihazla tekrar ziyaret etti\u011finizde, taray\u0131c\u0131n\u0131z cihaz\u0131n\u0131zda site ad\u0131na kay\u0131tl\u0131 bir \u00e7erez olup olmad\u0131\u011f\u0131n\u0131 kontrol eder. E\u011fer kay\u0131t var ise, kayd\u0131n i\u00e7indeki veriyi ziyaret etmekte oldu\u011funuz \u0130nternet sitesine iletir. Bu sayede \u0130nternet sitesi, sizin daha \u00f6nceki ziyaretinizi tespit eder ve size iletilecek i\u00e7eri\u011fi ona g\u00f6re belirler.<\/p>\n\n\n\n<p>Yasal Haklar\u0131n\u0131z<br>KVKK Kapsam\u0131nda Haklar\u0131n\u0131z<\/p>\n\n\n\n<p>6698 say\u0131l\u0131 KVKK madde 11 uyar\u0131nca herkes, veri sorumlusuna ba\u015fvurarak kendisiyle ilgili a\u015fa\u011f\u0131da yer alan taleplerde bulunma hakk\u0131na sahiptir:<\/p>\n\n\n\n<p>Ki\u015fisel verilerinin i\u015flenip i\u015flenmedi\u011fini \u00f6\u011frenme.<br>Ki\u015fisel verileri i\u015flenmi\u015fse buna ili\u015fkin bilgi talep etme.<br>Ki\u015fisel verilerin i\u015flenme amac\u0131n\u0131 ve bunlar\u0131n amac\u0131na uygun kullan\u0131l\u0131p kullan\u0131lmad\u0131\u011f\u0131n\u0131 \u00f6\u011frenme.<br>Yurt i\u00e7inde veya yurt d\u0131\u015f\u0131nda ki\u015fisel verilerin aktar\u0131ld\u0131\u011f\u0131 \u00fc\u00e7\u00fcnc\u00fc ki\u015fileri bilme.<br>Ki\u015fisel verilerin eksik veya yanl\u0131\u015f i\u015flenmi\u015f olmas\u0131 h\u00e2linde bunlar\u0131n d\u00fczeltilmesini isteme.<br>KVKK madde 7 ile \u00f6ng\u00f6r\u00fclen \u015fartlar \u00e7er\u00e7evesinde ki\u015fisel verilerin silinmesini veya yok edilmesini isteme.<br>D\u00fczeltme, silme ve yok edilme talepleri neticesinde yap\u0131lan i\u015flemlerin, ki\u015fisel verilerin aktar\u0131ld\u0131\u011f\u0131 \u00fc\u00e7\u00fcnc\u00fc ki\u015filere bildirilmesini isteme.<br>\u0130\u015flenen verilerin m\u00fcnhas\u0131ran otomatik sistemler vas\u0131tas\u0131yla analiz edilmesi suretiyle ki\u015finin kendisi aleyhine bir sonucun ortaya \u00e7\u0131kmas\u0131na itiraz etme.<br>Ki\u015fisel verilerin kanuna ayk\u0131r\u0131 olarak i\u015flenmesi sebebiyle zarara u\u011framas\u0131 h\u00e2linde zarar\u0131n giderilmesini talep etme.<br>\u0130leti\u015fim<\/p>\n\n\n\n<p>Ki\u015fisel verilerinizle ilgili haklar\u0131n\u0131z\u0131 kullanmak veya Gizlilik Politika&#8217;m\u0131z hakk\u0131nda daha fazla bilgi almak i\u00e7in info.flora@floragardenhotels.com adresinden bizimle ileti\u015fime ge\u00e7ebilirsiniz.<\/p>\n\n\n\n<p>Onay ve Y\u00fcr\u00fcrl\u00fck<\/p>\n\n\n\n<p>\u0130nternet sitemiz ile ki\u015fisel verilerinizi payla\u015fmak, tamamen sizin tercihinizdir. \u0130nternet sitemizi kullanmaya devam etti\u011finiz takdirde, bu Gizlilik Politikas\u0131&#8217;n\u0131 kabul etti\u011finiz varsay\u0131lacakt\u0131r. Bu politika, 1 May\u0131s 2025 tarihinde y\u00fcr\u00fcrl\u00fc\u011fe girmi\u015f olup, gerekti\u011finde g\u00fcncellenir.<\/p>\n\n\n\n<p><\/p>\n","protected":false},"excerpt":{"rendered":"<p>Bu \u0130nternet sitesini kullanarak ki\u015fisel verilerinizin i\u015flenmesini kabul etmi\u015f olursunuz. G\u00fcvenli\u011finiz bizim i\u00e7in \u00f6nemli. Bu sebeple, bizimle payla\u015faca\u011f\u0131n\u0131z ki\u015fisel verileriniz hassasiyetle korunmaktad\u0131r. Veri Sorumlusu Biz, Flore Garden Beach Hotel, veri sorumlusu olarak, bu gizlilik ve ki\u015fisel verilerin korunmas\u0131 politikas\u0131 ile ziyaret etmekte oldu\u011funuz \u0130nternet sitesi kapsam\u0131nda hangi ki\u015fisel verilerinizin hangi ama\u00e7larla i\u015flenece\u011fi, i\u015flenen verilerin kimlerle [&hellip;]<\/p>\n","protected":false},"author":2,"featured_media":0,"parent":0,"menu_order":0,"comment_status":"closed","ping_status":"closed","template":"","meta":{"_acf_changed":false,"_eb_attr":"","footnotes":""},"class_list":["post-1147","page","type-page","status-publish","hentry"],"acf":[],"lang":"tr","translations":{"tr":1147,"de":1153,"en":1150,"ru":1156},"pll_sync_post":[],"_links":{"self":[{"href":"https:\/\/floragardenhotels.com\/beach\/wp-json\/wp\/v2\/pages\/1147","targetHints":{"allow":["GET"]}}],"collection":[{"href":"https:\/\/floragardenhotels.com\/beach\/wp-json\/wp\/v2\/pages"}],"about":[{"href":"https:\/\/floragardenhotels.com\/beach\/wp-json\/wp\/v2\/types\/page"}],"author":[{"embeddable":true,"href":"https:\/\/floragardenhotels.com\/beach\/wp-json\/wp\/v2\/users\/2"}],"replies":[{"embeddable":true,"href":"https:\/\/floragardenhotels.com\/beach\/wp-json\/wp\/v2\/comments?post=1147"}],"version-history":[{"count":2,"href":"https:\/\/floragardenhotels.com\/beach\/wp-json\/wp\/v2\/pages\/1147\/revisions"}],"predecessor-version":[{"id":1786,"href":"https:\/\/floragardenhotels.com\/beach\/wp-json\/wp\/v2\/pages\/1147\/revisions\/1786"}],"wp:attachment":[{"href":"https:\/\/floragardenhotels.com\/beach\/wp-json\/wp\/v2\/media?parent=1147"}],"curies":[{"name":"wp","href":"https:\/\/api.w.org\/{rel}","templated":true}]}}